 o be ((-6)/(-9))/((-3)/324*-3). Let b be 0 - 2/(4/970). Is (o/20)/((-2)/b) prime?
False
Let l(w) = -3*w**2 - 3*w - 21. Let z be l(-10). Let p = -419 - z. Let f = -39 - p. Is f a prime number?
True
Let c(a) = -2*a**3 - 3*a**2 - 2*a - 3. Let o be c(-2). Let v(l) = 37*l - 13. Let b be v(6). Suppose 3*w - b = -2*n, o*n = 2*w - w - 47. Is w a composite number?
False
Let g be 41*5/(-10)*-28. Suppose -t - 107 = -g. Is t a composite number?
False
Let z be ((-550)/(-33))/((-4)/(-6)). Suppose -3*g + z = 4*t, 2 + 5 = -3*g + 4*t. Suppose 5*s + g*u = 1855, 0 = -s + 3*u + 218 + 153. Is s a prime number?
False
Let a be ((-2)/1 + 2)/1. Let t be 1 - -5 - (a - -1). Suppose 3*f = -2*v - v + 27, t*f = 3*v + 29. Is f a prime number?
True
Suppose -3*f + 2*f + 4 = 0. Suppose 2 = -f*r - 18. Is ((-6)/r)/(8/20) prime?
True
Let a = -690 + 1128. Suppose -3*v + a = -0*v. Let m = v + -57. Is m a composite number?
False
Let p = -34 + 22. Suppose 8 = -4*j + 144. Let s = p + j. Is s composite?
True
Is (-9992)/6*((-273)/14)/13 prime?
False
Let u(z) = 12*z**2 + 36*z - 13. Is u(-11) composite?
True
Suppose 3*k - 2 - 15 = -u, -15 = -3*k. Let r(l) = l**3 + 4*l**2 - 2*l - 4. Let o be r(-4). Is u/4 - (-882)/o a composite number?
True
Let z be (28/(-8) - -4)/(1/(-1276)). Is -1*z/4*(-6)/(-3) prime?
False
Let u = 21 + -16. Suppose u*a - 3919 = 3886. Is a composite?
True
Suppose -v - 13861 = -3*a, a - 4051 = -4*v + 578. Is a a prime number?
True
Let z be (1 + 0 + 0)*1433. Suppose 316 = 3*j - z. Suppose v = 2*v + 3*k - 551, v - 5*k - j = 0. Is v composite?
False
Let r(m) = -52*m - 67. Is r(-12) a prime number?
True
Suppose 194 = 2*p - 222. Let i = p - 409. Is (i/(-6))/(3/6) a prime number?
True
Let o(x) = 216*x - 6 + 0 - 1766*x - 1763*x. Is o(-1) a prime number?
True
Let l(a) = -a**3 - 2*a**2 - a. Let x be l(-1). Suppose x = -0*m + m - 259. Is m prime?
False
Let w(d) = d**3 - 19*d**2 + d - 11. Let k be w(19). Suppose -4*y = -2*y - 2, -4*y = -s + 629. Suppose 5*r = k*r - s. Is r prime?
True
Let x be 62*(-3)/((-12)/(-62)). Let a = x - -515. Let j = 657 + a. Is j a prime number?
True
Let w be (-24)/(-8) + (2 - 1). Is (-2)/w + 17633/14 composite?
False
Let x(f) = -6*f + 1. Let q be x(-1). Let a(l) = -q*l + 2*l - 3*l**2 - 2*l + 3*l - l**3 - 7. Is a(-4) a prime number?
False
Let m(l) = -3*l**3 + 5*l**2 + 8*l - 9. Let z(o) = -o**3 + o**2 - o - 1. Let x(n) = -m(n) + 2*z(n). Is x(6) a prime number?
False
Suppose -45 = -3*o - 2*a + 267, 4*a = 5*o - 520. Suppose -o = -c + 23. Is c prime?
True
Let u(c) = c - 6. Let s be u(7). Let q be (3 - s)/(2/127). Let d = 702 + q. Is d prime?
True
Let v(f) = -33*f + 9587. Is v(0) a prime number?
True
Let z be -4 + 6/(-2 - -3). Suppose -r + 58 = s - 32, 2*s + 160 = z*r. Is r prime?
False
Let w = -29 + -47. Let x = 115 - w. Is x a prime number?
True
Let n = -13 + 20. Suppose -4*w = -n*w - 210. Let o = 183 + w. Is o a composite number?
False
Suppose v + 174 = -792. Let q = -650 - v. Suppose q = 3*w + w. Is w prime?
True
Let v = -143 + 133. Is 394922/145 + -1*(-6)/v a prime number?
False
Let z be 0*(-2 - (-15)/6). Suppose -l - 2*u + 0*u = 4, 12 = -l - 4*u. Suppose z = l*b - 389 - 119. Is b a composite number?
False
Let j(u) = -4*u - 9. Let s be j(-3). Let d be 4/2 - s - -46. Let n = 112 - d. Is n prime?
True
Suppose 0 = -m - m. Let t be (-3)/(m + 3)*188. Let u = -77 - t. Is u a composite number?
True
Let g = -3735 + 5246. Is g prime?
True
Let j(x) = -2*x**3 - 10*x**2 + 11*x + 11. Suppose 0 = 3*k - 68 + 8. Suppose 4*d + k + 12 = 0. Is j(d) a prime number?
True
Suppose u = 4*g - 23398, 22*g - 27*g + 29241 = 2*u. Is g a composite number?
False
Suppose 0 = -3*s + 3 + 6. Suppose s*b - 14 = -47. Let g = 66 + b. Is g a prime number?
False
Let s = 2582 - -3549. Is s composite?
False
Suppose -11*x + 8*x + 2289 = -3*w, 3*x - 2*w = 2289. Is x a composite number?
True
Let l(k) = 805*k - 99. Is l(16) prime?
True
Let j(b) = 73*b**2 - 8*b. Let z be j(-6). Suppose 0 = -4*c + 3*m - 2601, 0 = -5*c - 3*m - 609 - z. Is (1 - -1)/((-4)/c) a composite number?
True
Suppose 5*p = 44 + 661. Let y = 152 + p. Is y composite?
False
Suppose -a - 11 = -13. Suppose -2*r + 4*r = -a*t + 224, 2*t - 442 = -4*r. Is r a composite number?
False
Is (-1514978)/(-42) + (1639/231 - 7) a composite number?
True
Suppose 16*q - 9*q - 63 = 0. Suppose 6*w + 1671 = q*w. Is w prime?
True
Suppose 0 = 396*q - 390*q - 5730. Is q a composite number?
True
Is ((-5 - -8) + -4)/(1/(-61853)) a composite number?
True
Suppose 8*n = 4*b + 13*n - 237, -4*n + 232 = 4*b. Is b a prime number?
True
Let u = -3749 + 11794. Is u a composite number?
True
Let c = 3 - -2. Suppose 0 = -c*a + 3*a + 794. Is a a prime number?
True
Let b(j) = -26*j + 8. Let o be b(-6). Let p = o + -9. Suppose 6*g - p = g. Is g composite?
False
Suppose -434 = -30*d + 2746. Is d composite?
True
Let s(p) = -5*p**3 - 2*p**2 + 6*p - 152. Is s(-15) a composite number?
False
Let m = 18 - 6. Let w = 48 - 23. Let y = w - m. Is y a composite number?
False
Suppose 25*x = 34*x - 27441. Is x a prime number?
True
Suppose 218 = 15*p - 247. Suppose 7*i + 3408 = p*i. Is i a composite number?
True
Let z(f) = -f - 3. Let g be z(-3). Suppose g = -5*v + 1518 + 162. Suppose -4*b + v = -12. Is b a composite number?
True
Suppose -5*g = 5, -11*g + 13*g + 28332 = 2*d. Is d prime?
False
Suppose -180*m - 12853 = -181*m. Is m composite?
False
Let w(t) = t**3 - 7*t**2 + t - 2. Let h be w(7). Suppose 0 = -3*z + h*q + 3, 0*z = z + 2*q - 12. Suppose -3*c + 36 = -z. Is c a composite number?
True
Let h = -43 - -48. Suppose -290 = h*t - 2545. Is t a prime number?
False
Let o be (-1)/(2/(-5242)) + 4. Suppose -5*z + o + 735 = -5*w, 1345 = 2*z - w. Is z prime?
True
Suppose 4*y + 2*h + 10 = 0, 2*y - 5 = -2*h - 15. Suppose y*q - 417 = -3*q. Is q a composite number?
False
Let l = 12931 + -8204. Is l a composite number?
True
Let o = -17 - -19. Suppose y - o*j - j = 205, 4*j = 5*y - 1047. Is y composite?
False
Let j(y) = y - 1299. Let u be j(0). Let g be u - (-2 - (-2 - -4)). Let w = g + 2012. Is w a composite number?
True
Let x(o) = -o**3 + 9*o**2 + 12*o - 20. Let n be x(10). Suppose 2*i - 20 = -n. Is i prime?
False
Suppose -35 = -5*r + 3*t, -3*r - 2*t = -3*t - 21. Let o(h) = 17*h**2 - 8*h + 8. Is o(r) a prime number?
False
Let b be 2/12*-2*(-132)/(-22). Let w(k) = 57*k**2 + 4*k + 3. Is w(b) composite?
False
Let w(n) = 3*n**3 + 3*n**2 + 5*n - 9. Suppose -106*z + 20 = -101*z. Is w(z) composite?
False
Is 662*((-8)/(-28) + (-3)/(-14)) prime?
True
Let l = 38994 - 18131. Is l a composite number?
True
Let x be ((-272)/40)/((-4)/10). Suppose 0 = r - x - 144. Is r composite?
True
Suppose 26*s - 406875 = 857609. Is s composite?
True
Let c be 6034/35 - 2/5. Let r(p) = -3*p**3 + 7*p**2 - 7*p + 1. Let w be r(-6). Suppose c = -3*n + w. Is n prime?
True
Let v(y) = 3*y**2 + y - 7. Let b be v(-5). Let t(c) = -c**2 - 24*c - 49. Let m be t(-15). Let z = b + m. Is z a composite number?
False
Suppose 2*o - 6470 = -5*w, -3*o - o + 2*w = -12940. Is o a composite number?
True
Suppose -m - 2*o = -51 - 13, -2*o = 3*m - 200. Suppose -5*h - m = -h. Is ((-614)/4)/(h/34) a composite number?
False
Let b(r) = -7*r**3 + r**2 + r + 1. Let w be b(-1). Is (-2)/w - (-36423)/108 composite?
False
Suppose -11*p - 43519 = -18*p. Is p composite?
False
Let l = 649 + -398. Is l a prime number?
True
Suppose 0 = 2*q - 4*n - 66846, 14*q - 13*q - n - 33427 = 0. Is q composite?
True
Suppose -u - 2*l + 1608 = 0, 9*u - 8085 = 4*u - l. Let c = 2265 - u. Is c composite?
False
Let a be (2 + (-21)/15)*-15. Is (2 - 35)*93/a a prime number?
False
Is 1/(3 + 191824/(-63944)) a composite number?
False
Let i = 6405 + -208. Is i prime?
True
Suppose 0 = -4*a - s + 8616, 0 = a - 4*s - 1741 - 396. Is a a prime number?
True
Suppose 15*q = 117996 + 21069. Is q composite?
True
Suppose 16 = -4*h + 3*h. Let i be (-765)/3*h/20. Suppose 18 = 3*y - i. Is y a prime number?
False
Let i be (-2)/(-3 + 1) + 3. Suppose v = 3*v - i. Suppose -59 = -d + 4*o - v*o, -d + 75 = 2*o. Is d prime?
True
Let v(l) = 860*l**2 - 2*l + 1. Let i be v(1). Let k = i - 552. Is k prime?
True
Let u be 45/12 - (-4)/((-80)/15). Suppose u*s - 438 = 519. Is s composite?
True
Let b be (-1)/(20/(-8) + 3). Is (b - (-6)/3) + 1801 prime?
True
Let r(o) = -214*o + 12. Let g(n) = 213*n - 12. Let x(v) = -5*